{"id":4,"date":"2015-08-27T17:14:03","date_gmt":"2015-08-27T16:14:03","guid":{"rendered":"http:\/\/www.sandracampasstjean.com\/?page_id=4"},"modified":"2015-09-02T11:00:28","modified_gmt":"2015-09-02T10:00:28","slug":"sandra-campas-st-jean","status":"publish","type":"page","link":"https:\/\/www.sandracampasstjean.com\/","title":{"rendered":"Sandra Campas St Jean"},"content":{"rendered":"<p><a href=\"http:\/\/www.sandracampasstjean.com\/wp-content\/uploads\/2015\/08\/sandra1.jpg\"><img loading=\"lazy\" class=\"alignnone size-full wp-image-40\" src=\"http:\/\/www.sandracampasstjean.com\/wp-content\/uploads\/2015\/08\/sandra1.jpg\" alt=\"sandra1\" width=\"800\" height=\"582\" srcset=\"https:\/\/www.sandracampasstjean.com\/wp-content\/uploads\/2015\/08\/sandra1.jpg 800w, https:\/\/www.sandracampasstjean.com\/wp-content\/uploads\/2015\/08\/sandra1-300x218.jpg 300w\" sizes=\"(max-width: 800px) 100vw, 800px\" \/><\/a><br \/>\nSandra Campas Saint Jean est professeur de piano classique et de chant, dipl\u00f4m\u00e9e du Conservatoire.<\/p>\n<p>Apr\u00e8s de longues ann\u00e9es d&rsquo;\u00e9tudes et de pratique du piano classique, elle exp\u00e9rimente sa voix dans la world music et le jazz, et par l&rsquo;interm\u00e9diaire de plusieurs p\u00e9dagogues, orthophonistes, chanteurs lyriques, professeurs d&rsquo;improvisation vocale, elle s&rsquo;int\u00e9resse particuli\u00e8rement \u00e0 la question de la palette sonore et de la diversit\u00e9 des timbres.<\/p>\n<p>En parall\u00e8le des concerts qu&rsquo;elle donne depuis 15 ans, des cours de chant \u00e0 l&rsquo;\u00e9cole Music Halle \u00e0 Toulouse o\u00f9 elle dirige aussi des ateliers orchestres, elle enseigne le piano classique, le solf\u00e8ge, et la technique vocale dans sa propre \u00e9cole.<\/p>\n","protected":false},"excerpt":{"rendered":"<p>Sandra Campas Saint Jean est professeur de piano classique et de chant, dipl\u00f4m\u00e9e du Conservatoire. Apr\u00e8s de longues ann\u00e9es d&rsquo;\u00e9tudes et de pratique du piano classique, elle exp\u00e9rimente sa voix dans la world music et le jazz, et par l&rsquo;interm\u00e9diaire de plusieurs p\u00e9dagogues, orthophonistes, chanteurs lyriques, professeurs d&rsquo;improvisation vocale, elle s&rsquo;int\u00e9resse particuli\u00e8rement \u00e0 la question [&hellip;]<\/p>\n","protected":false},"author":1,"featured_media":0,"parent":0,"menu_order":0,"comment_status":"open","ping_status":"open","template":"","meta":[],"_links":{"self":[{"href":"https:\/\/www.sandracampasstjean.com\/index.php\/wp-json\/wp\/v2\/pages\/4"}],"collection":[{"href":"https:\/\/www.sandracampasstjean.com\/index.php\/wp-json\/wp\/v2\/pages"}],"about":[{"href":"https:\/\/www.sandracampasstjean.com\/index.php\/wp-json\/wp\/v2\/types\/page"}],"author":[{"embeddable":true,"href":"https:\/\/www.sandracampasstjean.com\/index.php\/wp-json\/wp\/v2\/users\/1"}],"replies":[{"embeddable":true,"href":"https:\/\/www.sandracampasstjean.com\/index.php\/wp-json\/wp\/v2\/comments?post=4"}],"version-history":[{"count":2,"href":"https:\/\/www.sandracampasstjean.com\/index.php\/wp-json\/wp\/v2\/pages\/4\/revisions"}],"predecessor-version":[{"id":41,"href":"https:\/\/www.sandracampasstjean.com\/index.php\/wp-json\/wp\/v2\/pages\/4\/revisions\/41"}],"wp:attachment":[{"href":"https:\/\/www.sandracampasstjean.com\/index.php\/wp-json\/wp\/v2\/media?parent=4"}],"curies":[{"name":"wp","href":"https:\/\/api.w.org\/{rel}","templated":true}]}}