{"id":9,"date":"2015-08-27T17:16:06","date_gmt":"2015-08-27T16:16:06","guid":{"rendered":"http:\/\/www.sandracampasstjean.com\/?page_id=9"},"modified":"2018-09-22T16:01:22","modified_gmt":"2018-09-22T15:01:22","slug":"les-cours-de-chant","status":"publish","type":"page","link":"https:\/\/www.sandracampasstjean.com\/index.php\/les-cours-de-chant\/","title":{"rendered":"Cours de chant"},"content":{"rendered":"<p><a href=\"http:\/\/www.sandracampasstjean.com\/wp-content\/uploads\/2015\/08\/chanteuse1.jpg\"><img loading=\"lazy\" class=\"alignleft wp-image-126\" src=\"http:\/\/www.sandracampasstjean.com\/wp-content\/uploads\/2015\/08\/chanteuse1.jpg\" alt=\"\" width=\"432\" height=\"314\" srcset=\"https:\/\/www.sandracampasstjean.com\/wp-content\/uploads\/2015\/08\/chanteuse1.jpg 512w, https:\/\/www.sandracampasstjean.com\/wp-content\/uploads\/2015\/08\/chanteuse1-300x218.jpg 300w\" sizes=\"(max-width: 432px) 100vw, 432px\" \/><\/a>La voix est un instrument subtil et fragile.<\/p>\n<p>Ma p\u00e9dagogie est fond\u00e9e sur le d\u00e9sir de guider chacun \u00e0 la d\u00e9couverte de sa propre voix, sa voix naturelle, par le biais d&rsquo;une technique vocale saine, qui passe par une connaissance n\u00e9cessaire de l&rsquo;appareil phonatoire, de la posture du chanteur &#8211; abdomen, dos, port de t\u00eate &#8211; de la respiration (muscles) des r\u00e9sonateurs, et par une pratique consciente de la vocalisation. C&rsquo;est une m\u00e9thode adapt\u00e9e aux styles modernes quels qu&rsquo;ils soient, gr\u00e2ce \u00e0 la place qui est faite \u00e0 la question du timbre et \u00e0 la musicalit\u00e9.<\/p>\n<p>La technique vocale que j&rsquo;enseigne est inspir\u00e9e par la technique de la paille mise en place par le docteur B.A de la Bret\u00e8que, m\u00e9decin phoniatre.<\/p>\n<p>La particularit\u00e9 principale de ce proc\u00e9d\u00e9 est d&rsquo;assurer un geste vocal sain pour permettre le plein \u00e9panouissement dans l&rsquo;\u00e9mission vocale.<\/p>\n<p>&nbsp;<\/p>\n<h3><\/h3>\n<h3>Acqu\u00e9rir une technique vocale<\/h3>\n<ul>\n<li>L&rsquo;objectif est d&rsquo;apprendre \u00e0 chanter sans se fatiguer\u00a0: nombreux sont les chanteurs qui se plaignent d&rsquo;un enrouement p\u00e9nible apr\u00e8s les concerts, et d&rsquo;une perte d&rsquo;aisance dans les aigus\u00a0; pour chanter sans se blesser, il est n\u00e9cessaire de bien connaitre son\u00a0appareil phonatoire, ses propres limites de niveau et de pratiquer des exercices vocaux r\u00e9guliers . Car quand on chante ce ne sont pas seulement les cordes vocales qui entrent en action mais v\u00e9ritablement tout le corps.<\/li>\n<li>L&rsquo;apprentissage d&rsquo;un geste vocal sain permet de d\u00e9velopper une voix naturelle, sans tremblement, ni \u00ab\u00a0serrage\u00a0\u00bb (voix de gorge par exemple) car il s&rsquo;appuie sur les deux fondements du fonctionnement anatomique de la voix, la d\u00e9tente laryng\u00e9e et le travail de la musculature li\u00e9e \u00e0 la phonation.<\/li>\n<li>\u00c9largir sa tessiture, c&rsquo;est le doux r\u00eave de tout chanteur\u00a0: or,les qualit\u00e9s d&rsquo;une voix, son agilit\u00e9, son volume, sa v\u00e9locit\u00e9 d\u00e9pendent moins des aptitudes re\u00e7ues \u00e0 la naissance que de l&rsquo;entra\u00eenement quotidien du chanteur.<\/li>\n<li>Prendre conscience du placement de sa voix:\u00a0dans notre t\u00eate, sch\u00e9matiquement, il y&rsquo;a comme une \u00e9chelle des notes qui r\u00e9sonnent de bas en haut et d&rsquo;avant en arri\u00e8re\u00a0; apprendre \u00e0 placer sa voix, c&rsquo;est localiser ces places gr\u00e2ce \u00e0 ses sensations et \u00e0 la connaissance de l&rsquo;appareil vocal.<\/li>\n<li>Le son de la voix ou le timbre\u00a0: il est possible de choisir de mettre dans sa voix des couleurs chaudes par exemple, plus de grave ou plus d&rsquo;aigu\u00a0; cela demande une bonne ma\u00eetrise mais c&rsquo;est le travail technique qui permet d&rsquo;apprendre \u00e0 passer sans obstacle de la voix de t\u00eate, \u00e0 la voix mixte, puis \u00e0 la voix de poitrine et \u00e0 identifier les principaux r\u00e9sonateurs (cage thoracique, pharynx, cavit\u00e9 buccale, fosses nasales)<\/li>\n<\/ul>\n<h3>D\u00e9velopper une esth\u00e9tique<\/h3>\n<p>Le cours est aussi destin\u00e9 \u00e0 aider l&rsquo;\u00e9l\u00e8ve \u00e0 d\u00e9velopper une belle une musicalit\u00e9, \u00e0 g\u00e9rer la courbe dynamique de son chant, \u00e0 travailler l&rsquo;articulation , le phras\u00e9, les nuances, \u00e0 \u00e9largir son r\u00e9pertoire et ses connaissances du chant par l&rsquo;\u00e9coute ou la pratique d&rsquo;autres styles)<\/p>\n<h3>Construire ou renforcer ses bases musicales<\/h3>\n<p>Le professeur proposera aux \u00e9l\u00e8ves un travail d&rsquo;oreille (chanter\u00a0juste) de rythme, d&rsquo;harmonie. Une formation \u00e0 la lecture, au solf\u00e8ge est possible et pourra \u00eatre incluse sur demande.\u00a0En cours, l&rsquo;apprentissage se fait oralement: \u00e9couter, m\u00e9moriser, reproduire en frappant la clave syst\u00e9matiquement.\u00a0Enfin, les \u00e9l\u00e8ves non lecteurs pourront s&rsquo;entra\u00eener \u00e0 la maison gr\u00e2ce \u00e0 des exercices enregistr\u00e9s par le professeur sur des supports mp3.<\/p>\n<h3>Plus loin<\/h3>\n<p>Tous les cours sont accompagn\u00e9s au piano cependant il peut y avoir un entra\u00eenement sur bandes enregistr\u00e9es (playbacks) notamment pour les chanteurs de jazz car il est indispensable de savoir rep\u00e9rer une introduction d&rsquo;un th\u00e8me ou d&rsquo;un interlude et de g\u00e9rer l&rsquo;intensit\u00e9 de son expression \u00e0 la fin d&rsquo;un morceau par exemple.\u00a0Enfin, pour les professionnels, nous pourrons aussi effectuer un travail amplifi\u00e9 avec microphone.<\/p>\n","protected":false},"excerpt":{"rendered":"<p>La voix est un instrument subtil et fragile. Ma p\u00e9dagogie est fond\u00e9e sur le d\u00e9sir de guider chacun \u00e0 la d\u00e9couverte de sa propre voix, sa voix naturelle, par le biais d&rsquo;une technique vocale saine, qui passe par une connaissance n\u00e9cessaire de l&rsquo;appareil phonatoire, de la posture du chanteur &#8211; abdomen, dos, port de t\u00eate [&hellip;]<\/p>\n","protected":false},"author":1,"featured_media":0,"parent":0,"menu_order":2,"comment_status":"open","ping_status":"closed","template":"","meta":[],"_links":{"self":[{"href":"https:\/\/www.sandracampasstjean.com\/index.php\/wp-json\/wp\/v2\/pages\/9"}],"collection":[{"href":"https:\/\/www.sandracampasstjean.com\/index.php\/wp-json\/wp\/v2\/pages"}],"about":[{"href":"https:\/\/www.sandracampasstjean.com\/index.php\/wp-json\/wp\/v2\/types\/page"}],"author":[{"embeddable":true,"href":"https:\/\/www.sandracampasstjean.com\/index.php\/wp-json\/wp\/v2\/users\/1"}],"replies":[{"embeddable":true,"href":"https:\/\/www.sandracampasstjean.com\/index.php\/wp-json\/wp\/v2\/comments?post=9"}],"version-history":[{"count":17,"href":"https:\/\/www.sandracampasstjean.com\/index.php\/wp-json\/wp\/v2\/pages\/9\/revisions"}],"predecessor-version":[{"id":150,"href":"https:\/\/www.sandracampasstjean.com\/index.php\/wp-json\/wp\/v2\/pages\/9\/revisions\/150"}],"wp:attachment":[{"href":"https:\/\/www.sandracampasstjean.com\/index.php\/wp-json\/wp\/v2\/media?parent=9"}],"curies":[{"name":"wp","href":"https:\/\/api.w.org\/{rel}","templated":true}]}}